2488 + 751. Let a(x) = -5*x**2 + 0*x**2 - 11*x - 3 + 4*x**2. Give a(o).
-3
Let x(t) = -t**3 + 6*t**2 - t + 3. Let v = -31 - -48. Suppose v*k = 16*k + 5. Suppose -19 = -2*g - 2*g + 5*r, 0 = -5*g - k*r + 35. Give x(g).
-3
Let g(a) be the first derivative of -1/4*a**4 - 5/3*a**3 - 3*a**2 + 17 - 3*a. What is g(-2)?
-3
Let s = 569 + -565. Let q(h) be the third derivative of -1/3*h**3 + 0 - 24*h**2 + 0*h + 1/6*h**s. What is q(2)?
6
Let m(y) be the first derivative of -8*y**3/3 + 5*y**2/2 + 27*y + 13408. Give m(-3).
-60
Let p(b) = -336*b**2 + 34 - 4*b - 114 + 669*b**2 - 332*b**2. Give p(11).
-3
Let j(r) be the third derivative of r**6/120 + 11*r**5/60 + r**4/3 - 10*r**3/3 - 2383*r**2. Determine j(-10).
0
Suppose -f = -3*f + 4*a - 1606, -5*f + 2*a - 4023 = 0. Let g = f - -807. Let r(s) = 4*s + 1. What is r(g)?
9
Suppose 4*v = 0, 0 = -2*h - 7*v + 11*v + 238. Let n(b) = -113 + b + 221 - h. Let y = -14 + 20. Give n(y).
-5
Let x = 124 + -450. Let b = x - -324. Let i(c) be the second derivative of 3*c**3/2 + 2*c. What is i(b)?
-18
Let x be 1/(24/(-192)*8/(-14)). Let j(a) = -6*a**2 + 7. Let z(l) = -l**2 - 1. Let v(h) = x*z(h) + 2*j(h). What is v(1)?
-26
Let u(f) = 3*f + 4. Let q(y) = -y**3 + 2*y**2 - 3*y + 1. Suppose 2*j - 55 = -3*j. Let h(p) = p**2 - 11*p + 2. Let k be h(j). Let z be q(k). Determine u(z).
-11
Let m(k) = k**3 + 9*k**2 + 8*k + 10. Let w be -5 + (-6)/8 + 1/(-4). Let n(b) = b - 2. Let c be n(w). Calculate m(c).
10
Let z(d) = -459 + 153 + 151 + 151 - 2*d. Determine z(6).
-16
Let u(k) = -1 - 268146*k - 11 + 268149*k. What is u(11)?
21
Suppose -7 = -5*g + 13. Let s be 4/g*1 - 0. Let i be (s + -2)/(-4 - -5). Let y(q) = -4*q**3 + q + 1. Give y(i).
4
Let z(i) = i**3 - 10*i**2 + 7*i + 8. Let v(n) = -10*n**2 + 5 + n**3 - 3 + 5 + n**2 + 6*n. Let w(r) = 5*v(r) - 4*z(r). Determine w(3).
-9
Let o(j) be the second derivative of -15*j + 5/6*j**3 + 10*j**2 - 1/6*j**4 + 1/120*j**6 + 0 - 1/12*j**5. Let t(b) be the first derivative of o(b). What is t(6)?
17
Let v(j) be the second derivative of 1/20*j**5 - 1/6*j**4 - 233*j + 0*j**2 + 0 - 2/3*j**3. Let b(g) = -g**3 + 5*g**2 + 7*g - 3. Let x be b(6). Give v(x).
-3
Let r(q) = -473*q - 530*q + 1968*q - 546*q - 236 - 497*q. What is r(-3)?
-2
Let i = 54 + -51. Suppose -4*z = i*q - 44, 3*z + 16 = 2*q - z. Let k(c) = -q*c + 1 + 5*c + c + 12*c. Calculate k(-3).
-17
Suppose 36 + 21 = -3*g. Let k(d) be the first derivative of d**3/3 + 9*d**2 - 13*d + 729. Calculate k(g).
6
Let r(t) = -t**3 - 19*t**2 + 43*t + 16. Let x be r(-21). Let y be 2/(-5) - ((-8)/(-5) - x). Let j(q) = q**3 + 8*q**2 + 3*q - 2. Calculate j(y).
26
Let l(h) = 21*h - 11. Let k(o) = -25*o + 12. Let q(a) = -5*k(a) - 6*l(a). Calculate q(10).
-4
Let i(u) = 10*u**3 - u**2 - 9*u**3 - 2 + 9. Let o = -129 - -134. Let g be 0*-6*o/(-120). Calculate i(g).
7
Let b(m) = m + 3. Suppose -3*a + 5*k = 110, 3*a + 78 = a + k. Let i = a + 65. Suppose 0 = 3*p - 3*c + c + 15, -5*p - i = 2*c. Determine b(p).
-2
Let a(m) = m**3 + 5*m**2 + 6*m + 1. Suppose -109*k - 6*u + 72 = -114*k, 2*k - 23 = -5*u. Calculate a(k).
-71
Let h(a) = -612*a + 4894. Let m be h(8). Let r(l) be the first derivative of l**2/2 - 1. Let b(s) = 2*s. Let n(v) = 2*b(v) - 5*r(v). Calculate n(m).
2
Let c(n) = -n**3 - 12*n**2 - 2*n - 31. Let o = -348 - -336. Give c(o).
-7
Suppose -14*p + 78 = -20. Let k(i) = -8*i + 52. Calculate k(p).
-4
Let j(x) = -14*x**3 + x**2 - x + 1. Let q be (-6)/(-2)*8/(-12). Let s be (1 - (-3)/q)*-2. Let r be s/((1 + 0)*1). Give j(r).
-13
Let z = -59 + 63. Let t(x) be the first derivative of -38 + z*x - 5*x**2 + 4 + 4*x**2. Calculate t(-5).
14
Let p = 62 + -46. Let r be (6 - 1)*(p + -17). Let g(k) = -k**2 - k + 1. Determine g(r).
-19
Suppose 5*a = 4*l - 32, -5 = 2*a - 3*l + 5. Let u(g) = -g**3 - 9*g**2 - 12*g - 5. Let q be u(a). Let y = q + -33. Let d(s) = -3*s - 4. Calculate d(y).
14
Let z(r) be the second derivative of -1/20*r**5 - 1/3*r**4 + 0 - 1/2*r**2 - 327*r - 1/2*r**3. Let a(q) = q + 1. Let c be a(-3). Calculate z(c).
-3
Let t(s) = -3*s - 3. Let a be (-166)/10 - (-8)/(-20). Let w be (a - 11) + (-3)/(3/(-2)). Let u = 24 + w. Determine t(u).
3
Suppose 0 = 4*n - 4, 6*s = s + 3*n + 47. Let c(r) = -3*r - 2*r + r**2 + 11 - 6*r. Determine c(s).
1
Let x(c) = 242*c + 130. Let v(j) = -73*j - 44. Let h(m) = 10*v(m) + 3*x(m). Give h(-23).
42
Let t(o) = -o**2 - 76*o + 59. Let x(h) = -2*h**2 - 117*h + 83. Let b(g) = 8*t(g) - 5*x(g). Calculate b(9).
12
Let b(u) = -5*u + 4. Let o(j) = -j. Let w(p) = -2*p**3 + 68*p**2 - 2*p + 64. Let a be w(34). Suppose -2*m + 1 = -m. Let s(r) = a*o(r) + m*b(r). Determine s(5).
-1
Let y(k) be the first derivative of 7*k**2/2 - 17*k - 981. What is y(2)?
-3
Suppose k = 4*j + 12, 0 = -4*j - 5*k - 16 + 4. Let x = j + -4. Let q(h) = 5 + 9*h + 142056*h**2 + 43*h**3 - 42*h**3 - 142048*h**2. What is q(x)?
-9
Let r(l) be the first derivative of -l**2/2 - 2. Let a(s) = s + 8. Suppose 0 = 2*x - 2*d + 16, x - d = 3*x + 1. Let k be a(x). Give r(k).
-5
Let l(v) = -v + 1. Let f be 1 - 27/(-6) - (-13)/(-26). Suppose -3*j + 8 + 19 = -f*b, 4*j = b + 2. Determine l(b).
7
Let n(z) = 0*z**2 - z**2 + 0 + 2. Let g(i) = -39 - 18*i + 15 + 20 + 18 + i**2. Let k be g(17). Give n(k).
-7
Let b(f) = -f**2 + 10*f - 6. Let s be -1 - (-1 - (-1)/((-4)/(-704))). Let y be (4/(-16))/((-876)/s + -5). Determine b(y).
-17
Suppose -4*a + 2*a = 2*k - 58, -53 = -2*k - a. Suppose -m - k = -5*d - 4*m, d + 2*m - 9 = 0. Let r(b) = -102*b + 4*b**2 + b**d + 98*b - 3 - b**2. What is r(-4)?
-3
Let g(h) be the second derivative of 19*h**4/6 + 7*h**3/2 + 125*h. Calculate g(-1).
17
Let z(h) = 2*h - 1. Let d(m) = -19*m + 11. Let f(t) = 28*t - 17. Let w(j) = 8*d(j) + 5*f(j). Let c(p) = -w(p) - z(p). Calculate c(3).
28
Let g(b) = -72*b + 113. Let h(y) = 29*y - 55. Let t(i) = 2*g(i) + 5*h(i). What is t(27)?
-22
Let s(f) = -f**2 + 5*f - 4. Suppose 2*o + 4*w + 40 = 0, -3*w = -5*o + 2*w - 40. Let z = 17 + o. Give s(z).
-4
Let x(c) = c**2 + c - 1. Let s be x(-3). Let m(w) be the second derivative of -w**3/3 - 5*w**2/2 - 2*w - 6047. What is m(s)?
-15
Let b be (10/(-3))/(2/(-3)). Suppose -s + 11 = -3*x - 1, s + 3*x + 6 = 0. Let v(u) = -s*u - 5 + 5*u + 0*u. What is v(b)?
5
Let a be (-5 + (-42)/(-12))/(1/12). Let m(z) be the first derivative of z**3/3 + 9*z**2 + 12*z + 2035. Determine m(a).
12
Let g(c) = c**3 - 4*c**2 - 4*c + 1. Let d be (-3 + 5)*3/(-6) - -1. Let j(l) = -l**3 + l**2 + 2*l + 5. Let m be j(d). Determine g(m).
6
Suppose -11*o = 7*o. Let m(j) be the first derivative of -1/3*j**3 - 5 + 1/4*j**4 - 6*j - 1/2*j**2. Calculate m(o).
-6
Let w(b) = 273 + 82602*b + 23 - 60 - 82527*b. Give w(-3).
11
Suppose y + 2*y - 3*w = 21, -2*y = 3*w - 29. Let r(a) = -4227*a**2 + 12650*a**2 + 12 - 4187*a**2 - 2*a - 4235*a**2 - 9*a. Give r(y).
2
Let d = 36 + -34. Suppose d*a - 4*a = 0. Let o be (5 + (-9)/1)/(-2 - a). Let x(f) = -7*f + 2. Give x(o).
-12
Let q be 144/8 + -5 + 0. Let u(o) = -14 - q*o - 2*o + 14*o. Give u(-5).
-9
Let t(v) = 3*v + 26. Let d(m) = -2*m**3 + 13*m**2 + 24*m. Let b be d(8). What is t(b)?
26
Let l(i) = 9*i + 72. Suppose 20 = -2*m - 3*t + 2*t, 2*m + 4*t = -32. Give l(m).
0
Let l(b) be the second derivative of -b**5/20 + b**4/6 + b**2/2 - b. Let m = -95 + 97. Suppose m*t + 3*p = 4*t - 13, 4*p = -2*t - 8. Give l(t).
1
Let s(y) be the second derivative of 19*y**3/6 - y**2 - 14*y + 82. Calculate s(-6).
-116
Suppose -19*v = 45 + 69. Let y(t) = t**3 + 5*t**2 - 9*t - 12. What is y(v)?
6
Let m(w) be the first derivative of 32 - 3*w**2 + 1/3*w**3 + 0*w. Determine m(7).
7
Let y(g) be the first derivative of g**2/2 + 25*g - 260. Let q(o) = 3. Let w(p) = -4*q(p) + y(p). Give w(0).
13
Let p(g) = -8*g - 2. Suppose -4*r + 0*r + 16 = 5*a, 4*a - 20 = -5*r. Suppose -4*u = r*h - 20, 5*h + 0*u + 2*u - 34 = 0. Suppose -h*o + 3 - 19 = 0. Give p(o).
14
Let a(d) = 3 + 6 - 5*d + 4*d. Suppose x + x + 3*i + 17 = 0, 3*x - 2*i = 33. Calculate a(x).
4
Let f(x) = x**3 - 20*x**2 + 18*x + 21. Let d be f(19). Let w = -64 - -66. Let k(s) = -5*s + 2 - 19*s**2 + 21*s**w + 2*s. Give k(d).
4
Let c(o) = -2*o**2 - 2*o + 5. Let q(m) = 2*m**3 - 87*m**2 + 825*m + 14. Let i be q(14). Calculate c(i).
5
Let z(b) = b**2 + 44*b + 358. Let i be z(-10). Let p be (-3)/(i/69) - (-11)/(-22). Let f(l) = -l**2 - 11*l + 10. Determine f(p).
-2
Let i(z) = -18 + 7 - 9 